53/289?
71
Let k(c) = c**3 - 3*c**2 + 7*c - 4. Suppose -2*x + 3*v = -17, x + v - 10 = 3*v. What are the prime factors of k(x)?
2, 5
Let t(w) = -w**3 + 8*w**2 - 7*w - 5. Let d be t(7). Let n = d - -17. List the prime factors of n.
2, 3
Suppose -7*j + 2*j = -3*z - 2, 0 = 4*z + 4*j - 8. List the prime factors of z + 55 + 3/(3/3).
59
Let m(d) = -2*d**3 - 5*d**2 - 5*d - 10. Let o be m(-7). Suppose c - 3*c = -o. Suppose -4*x = -43 - c. What are the prime factors of x?
3, 23
What are the prime factors of 3*(-1)/18 - 8870/(-12)?
739
Let s(n) = -n**3 - 2*n**2 + 2*n + 4. Let p be s(-3). Suppose 5*g - p = 3. What are the prime factors of 31 + (-1 - 2) + g?
2, 3, 5
Let q be -2*(1/2 + 0). Let j be (99/(-44))/(q/(-4)). Let k = j - -15. What are the prime factors of k?
2, 3
Let b(w) = 173*w + 3 - 89*w - 85*w. What are the prime factors of b(-5)?
2
Suppose 0 = -z + 4*p + 237, -313 - 605 = -4*z + p. Suppose -2*n = 4*y - 5*n - z, 0 = 2*y + 4*n - 142. List the prime factors of y.
61
Let c = 273 - 47. List the prime factors of c.
2, 113
Suppose -4*p - 2*q + 80 = -14, p - 23 = -q. Let w = p + 114. Suppose 7*d - 4*d - w = 0. List the prime factors of d.
2, 23
Let g = -4 + 5. Let o be 6 - 0 - (-2)/g. Suppose -3*r + 32 = 2*h - r, -2*r = o. List the prime factors of h.
2, 5
Let p(f) = -2237*f + 13. List the prime factors of p(-1).
2, 3, 5
Let o(l) = 408*l**2 - 35*l - 115. List the prime factors of o(-3).
2, 1831
Let v = 286 - -1671. What are the prime factors of v?
19, 103
Suppose -5*u = -3*s - 7373, -8*u + 4*s + 7374 = -3*u. Suppose -11*l + 44 = -u. List the prime factors of l.
2, 3, 23
Let z = -17 + 37. Let n = 119 - 115. Suppose -z = -4*h - n. What are the prime factors of h?
2
Suppose -u - 60*v + 260 = -56*v, 3 = -3*v. List the prime factors of u.
2, 3, 11
Suppose 71 = -3*w - 5*f, -3*w - 4*f + 40 = -5*w. Let x = w + 21. List the prime factors of (-69)/(-2) - x/2.
5, 7
Let x(c) = 4*c - 91. Let n be x(22). Let g(l) = -l**3 - l**2 - 5*l - 2. What are the prime factors of g(n)?
31
Let n be (14/5)/(12/90). Suppose n*h - 612 = 9*h. List the prime factors of h.
3, 17
Suppose -811 = -12*w + 821. List the prime factors of w.
2, 17
Suppose 6*u - 10*u = -48. Let n = u - 7. Suppose 3*x + 18 = n*x. List the prime factors of x.
3
Suppose -6*g = -2*g - 28. Suppose -2*u = -g*u + 395. Suppose 11 = 5*y - u. List the prime factors of y.
2, 3
Let n(o) be the second derivative of 0 - 8*o + 7/12*o**4 + 1/2*o**3 - 1/2*o**2. What are the prime factors of n(-2)?
3, 7
Suppose 6 = -3*h, 57*y - 4*h = 56*y + 970. List the prime factors of y.
2, 13, 37
List the prime factors of (95/(-15) - -3)*2577/(-2).
5, 859
Let l(r) = 1585*r + 80. What are the prime factors of l(1)?
3, 5, 37
Let y(t) = 2*t**2 + 0 - 8 + t + 5. Let o be y(-4). Let b = o - 21. What are the prime factors of b?
2
Let l = 44 + -32. Suppose 4*w - l*w = -392. List the prime factors of w.
7
Suppose 2*g = 4*g + 46. Let n be (-142)/16 + 2/(-16). Let a = n - g. List the prime factors of a.
2, 7
Let u(z) = z + 1. Let m(s) = 2. Let c(l) = -3*m(l) + 6*u(l). Let x be c(5). List the prime factors of (-6)/x + 66/5.
13
Let r = -14 - 6. Let j = r + 118. Let g = j - 23. List the prime factors of g.
3, 5
Let g(w) = 7*w**2 - 3*w - 3. Suppose 234 = -5*f + 2*m, -5*m + 22 = -2*f - 59. Let t be 8/(-28) + f/28. List the prime factors of g(t).
31
Suppose 5*n - 1561 = 514. Suppose 2*s - 5*s - 309 = -3*w, -s - n = -4*w. Suppose -6*f + 2*f = -w. What are the prime factors of f?
2, 13
Let x = 299 - -525. List the prime factors of x.
2, 103
List the prime factors of 5044/(-13)*3/8*-2.
3, 97
Suppose -2*f + 3 = 3*q, 6*q = -2*f + 7*q - 9. List the prime factors of (-4536)/(-15) - -6*f/45.
2, 151
Let q be (4 - (3 - -7))/((-6)/4). Let d(n) = -20*n + 2. Let o be d(-6). Suppose -14 = q*m - o. List the prime factors of m.
3
Suppose -2*x - 3*s + 3403 = 0, -6*x = -7*x - 3*s + 1694. What are the prime factors of x?
1709
Let p = 32 + 324. List the prime factors of p.
2, 89
Let t(f) = f**3 - f**2 + 100. Let z be t(0). Suppose 78 = 3*i + 2*x, -4*i + z = 6*x - 2*x. List the prime factors of i.
2, 7
Let t(g) = -g**2 + 31*g + 50. What are the prime factors of t(22)?
2, 31
Let u = -771 + 1459. Suppose -32 = -4*m + u. List the prime factors of m.
2, 3, 5
Let d be (-1)/(1*3/(-6)). Suppose -l + d = -0. What are the prime factors of l/((14/(-20))/(-7))?
2, 5
Suppose 0 = -23*z + 4*z + 13851. What are the prime factors of z?
3
What are the prime factors of (-4317)/((-17)/(68/12))?
1439
Suppose -2*u = -3*u + 26. Suppose -w - w = -u. List the prime factors of w.
13
Let i be -1 - ((-4)/(-2) - 7). Suppose 4*r = 3*d + 255, -2*d + 281 = 5*r - 32. Suppose -i*u = -u - r. List the prime factors of u.
3, 7
Suppose -2*g = -5*z + 695, -3*g + 6 = -9. List the prime factors of z.
3, 47
Suppose 0 = 3*b - p - 31, 3*p - 7*p = -2*b + 34. Let z(f) = -f + 13. Let c be z(b). Suppose 3*i = 3*r - 81, c*r = r - i + 85. What are the prime factors of r?
2, 7
Let b(h) = -22*h - 5. Let u be b(-7). Let f = u + -94. List the prime factors of f.
5, 11
Let g = -47 + 84. Suppose g = -5*v - 23. Let k = v - -22. What are the prime factors of k?
2, 5
Let f(c) = 4*c**3 + 52*c**2 + 12*c - 17. List the prime factors of f(-12).
5, 83
Let y(w) be the third derivative of w**5/60 + w**4/6 + w**3/3 - 52*w**2. Let o be (-1)/2*(1 + 17). What are the prime factors of y(o)?
47
What are the prime factors of (-2870)/(-4) + -4 + 1/2?
2, 3, 7, 17
Suppose -5*r - 5 = -30, 4*l - 949 = -r. What are the prime factors of l?
2, 59
Suppose 7*u + 30 = 6*u. What are the prime factors of 2/3 - -2*(-1325)/u?
89
Suppose -s + 6 = 2*k, 2 + 13 = 5*k + 3*s. Suppose -4*r + 2*o + 0 = 6, -3*o + 9 = 0. Suppose r*y - 2*u - 16 = -3*y, k*u - 12 = 0. List the prime factors of y.
2
Let j(g) = 2*g**2 - 15*g + 7 + 12*g - g**2. List the prime factors of j(7).
5, 7
Suppose -3*x + 2*b - 1 = -5, 4*x + 4 = 5*b. Suppose -8*k + 75 = x*m - 3*k, m + 2*k - 15 = 0. Suppose 4*q = -q + m. What are the prime factors of q?
5
Let q be (9/3 - 2)*-1. Let z(m) be the first derivative of 28*m**3/3 - 36. List the prime factors of z(q).
2, 7
Let j(y) = y**3 - 12*y**2 + 7*y + 8. Let i be j(12). List the prime factors of 30/(-12) - i/(-8).
3
Let j = -24 - -47. Let a = 9 + 12. Let f = j - a. What are the prime factors of f?
2
Suppose 2*o + 0*o + s = 1, 5 = 5*s. Let r(w) = -w**2 + w + 3. Let b be r(o). Suppose -z - 3*z - 27 = -p, 5*p + b*z = 112. List the prime factors of p.
23
Let z = -7 + 13. Suppose 0 = 2*u, 0 = y - z*y - 2*u + 615. What are the prime factors of y?
3, 41
Suppose -12*m + 10273 = -6275. What are the prime factors of m?
7, 197
Let z(d) = -317*d**2 + 3*d - 2. Let b be z(1). List the prime factors of (b/(-6))/(-4*5/(-60)).
2, 79
Let c(f) = 24*f - 36. Let v be c(8). Let r = -90 + v. What are the prime factors of r?
2, 3, 11
Let a = 142 - 70. Let u be 1 - 0 - (-1 - 1). Suppose -a - 24 = -u*t. List the prime factors of t.
2
Suppose 0 = b - j - 7, 5*j - 19 = -b + 12. Let g(t) = -t + 6. Let u be g(6). Suppose b = k + c, u*k - k + 5*c = 13. What are the prime factors of k?
7
Let c(g) = -24 - g + 5 - 2*g - 10*g**2 - 4*g**3. Let m(r) = -3*r**3 - 11*r**2 - 3*r - 18. Let z(i) = -2*c(i) + 3*m(i). What are the prime factors of z(-13)?
23
Let a(i) = -i**3 + 16*i**2 + 24*i - 21. List the prime factors of a(-9).
2, 3, 149
Suppose -16*x + 7*x + 23418 = 0. List the prime factors of x.
2, 1301
Suppose -1 = -p, c + 2*c - 197 = -5*p. Suppose -c = -6*b + 2*b. What are the prime factors of b?
2
Let d(l) = l**3 + 24*l**2 + 46*l + 105. List the prime factors of d(-14).
7, 29
List the prime factors of 1738 - 81/9 - -7.
2, 7, 31
Let z = -5 - -5. Let u(j) be the third derivative of -j**4/12 + 8*j**3/3 - j**2. What are the prime factors of u(z)?
2
Suppose 457*q = 449*q + 4536. List the prime factors of q.
3, 7
Let j(b) = -b**3 + 8*b**2 + 7*b + 9. Let k be j(9). Let c = k + 95. Let a = c - 43. What are the prime factors of a?
43
Suppose -8*y + 57664 = 9*y. What are the prime factors of y?
2, 53
Suppose 0 = -8*n + 5*n + 144. Let f be 64/n*(-99)/(-2). Suppose 5*d + 27 = -2*m + 204, -f = -2*d - 2*m. What are the prime factors of d?
37
Let u(a) = 4*a + 158. Let p be u(-35). Let y(z) = z**2 - z - 8. Let j be y(-6). Let m = j - p. List the prime factors of m.
2
Let j(w) = -2*w - 26. Let x be j(-13)